der when d(17) is divided by f(-49)?
8
Let g = -286 + 315. What is the remainder when g is divided by 408/120 - (-3)/5?
1
Calculate the remainder when (1/((-11 - -16) + (-6)/1))/((-1)/1143) is divided by 8*(11/2 + 1).
51
Suppose 0 = 4*f + 5*h - 16, 0 = h - 3*h. Suppose -f*v = g + 19, v - 17 = 2*g + 2*v. Let y(m) = -10*m + 5. Calculate the remainder when y(g) is divided by 13.
10
Suppose -497 = -3*a + 3*q - 4*q, -3*a - 3*q + 495 = 0. Suppose -70 = -4*i - i. Let g = i + 10. What is the remainder when a is divided by g?
22
Calculate the remainder when 248 is divided by (-64)/(-80) + 2616/30.
72
Suppose 0 = -f - 5*o + 23 - 92, -4*f = -o + 255. What is the remainder when (f/6 + -2)/((-6)/207) is divided by 44?
41
Suppose -2*x = x - 39. Suppose 12*u - 40*u = -10080. Suppose -3*i - 307 = -4*k, -i - u - 21 = -5*k. Calculate the remainder when k is divided by x.
11
Calculate the remainder when 310 is divided by (2 - (-843)/6) + -3*(-5)/30.
24
Suppose 0 = 716*f - 698*f - 972. Calculate the remainder when 429 is divided by f.
51
Let l(p) = p**3 - 21*p**2 - 21*p - 11. Let j be l(22). Suppose -5 = -2*v + j. What is the remainder when v is divided by 6?
2
Suppose -u - 88 = -5*g, -18*g + 2*u + 23 = -17*g. What is the remainder when 2309 is divided by g?
14
Let r be (-12)/(-8)*16/(-6). Let z be 1720/18 + 76/171. Calculate the remainder when r/(z/(-6)) + 31/4 is divided by 5.
3
Suppose 97 = -2*d + x + 256, 0 = 5*d - 4*x - 405. Let p(z) = z**3 + 5*z**2 - 27*z - 108. Calculate the remainder when d is divided by p(-5).
23
Suppose 2*q + 242 = -4*d, 4*q - 8*q - 4*d = 504. Let v = 143 + q. Calculate the remainder when 299 is divided by v.
11
Let v(b) = -b**3 - 8*b**2 - 177*b - 976. What is the remainder when 1580 is divided by v(-6)?
12
Let u be 26*(-136)/48 - (-3)/(-9). Let q = 193 + u. What is the remainder when q is divided by 25?
19
Let g be ((-3)/(-3))/(4*3/384). Calculate the remainder when 9 is divided by 21/5 - (g/(-8))/(-20).
1
Let j = 195 + -192. Suppose 2*h - 5*m - 26 = -6*m, -6 = -j*m. What is the remainder when 38 is divided by h?
2
Suppose 5*a - 3*a + 5*q = 9, 2*a - 2*q = 44. Calculate the remainder when a is divided by (-2)/(-8) - (6 + 1349/(-76)).
5
Let v = 900 - 984. Calculate the remainder when 112 is divided by v/(-15) + -2*1/(-5).
4
Suppose -j - 5*o = 4*j - 460, -2*o - 95 = -j. Calculate the remainder when j is divided by (94/8)/(3/3) + 529/2116.
9
Suppose w + 2*s - 537 = 0, 0 = 3*w - 4*s - 2402 + 781. Let x = w + -520. Calculate the remainder when 72 is divided by x.
15
Calculate the remainder when (-14)/(-147) + (70132/84 - -6) is divided by 107.
92
Let s(g) = 448*g - 1109. Calculate the remainder when s(3) is divided by 151.
84
Suppose 4*k + 1769 = 5*g, -1058 = -17*g + 14*g - k. Calculate the remainder when g is divided by 106.
35
Let p be ((-5)/10)/((-1)/6). Suppose 3*u = 2*u + p*w + 25, 3*u + w = 65. What is the remainder when 1558/u + 6/33 is divided by 18?
17
Suppose -r + 16*s - 15*s = -67, 0 = 5*s + 30. What is the remainder when 262 is divided by r?
18
Suppose 0 = -5*x - 5*g + 105, -19*x + 24*x = 5*g + 65. Suppose 149 = 3*k - 5*j - 226, 3*k - 375 = -j. Calculate the remainder when k is divided by x.
6
Let s(n) = n**3 + 20*n**2 - n - 10. Let f(o) = -o**2 - 10*o - 3. Let i be f(-11). What is the remainder when (-12)/(-42) + (-220)/i is divided by s(-20)?
6
Let s(m) = 32*m + 213. Let t be s(-15). Let p(g) = -160*g**2 + 2*g - 1. Let y be p(1). Let x = y - t. Calculate the remainder when x is divided by 28.
24
Suppose 0 = -5*d - 5*k + 20, 11*d - 6*d + 3*k = 30. Suppose -3*s - 68 = -4*p - d, -2*s = -p + 16. What is the remainder when 49 is divided by p?
7
Let v = 1694 + -1602. Calculate the remainder when 3310 is divided by v.
90
Let k(j) = -5*j - 32. Let i be k(-7). Suppose i*y - 25 = 101. What is the remainder when y is divided by 22?
20
Let h = 38542 - 38536. Suppose -4*b + 12 = -0*b. Suppose -b*u = -4*p + 26, 3*p = 8*u - 4*u + 16. Calculate the remainder when p is divided by h.
2
Let g = 3 + -7. Suppose 3*o = -5*v - 58, 2*v - 47 = 5*o + 29. Let d = g - o. What is the remainder when 45 is divided by d?
9
Suppose -12 = 4*d + 56. Let r(f) = -f**3 - f**2 - 4*f - 2. Calculate the remainder when 5*2*d/(-10)*2 is divided by r(-2).
4
Suppose -2*f + 5*y + 79 = 0, 7*y = -94*f + 93*f + 87. Calculate the remainder when 1449 is divided by f.
45
Suppose -3*q + 75 = l, -2 = -4*l + 10. Suppose -2*p - q = 2*p. Calculate the remainder when 7 is divided by (-3)/(-12)*p*1*-2.
1
Suppose 0 = 3*n - 132 - 270. Let p(j) = -j + 66. Let c be p(19). Calculate the remainder when n is divided by (-2 - (2 - 2)) + c.
44
Suppose 4*h + 4*o - 126 - 50 = 0, -3*h + 3*o + 102 = 0. Suppose 3*b - 5*y - 6 = h, 4*b - 2*y = 74. What is the remainder when b is divided by 8?
4
Suppose -4*i = -2*o - 512, i = 5*i + 4*o - 536. Calculate the remainder when i is divided by 65.
0
Suppose 4*x - 5*x - 7 = -c, -4*x = 4*c - 4. Suppose 4*u - 2*u + 5*v - 5 = 0, -4*v = 3*u - 4. Suppose u*o - 5 = -o. What is the remainder when o is divided by c?
1
Suppose 0 = -3*g + 720 - 279. Suppose 4*s = -k + g, -291 = -5*s - 2*k - 108. What is the remainder when 109 is divided by s?
35
Let u be (-2555)/25 - 3/(-15). Let t = -85 - u. Suppose 0 = -4*c + 5*h + 99 + 25, -3*h = 0. What is the remainder when c is divided by t?
14
Let w be (-3)/(5 - 2) + 4. Suppose 4*a = -5*d + 2*a + 45, 2*d = -w*a + 29. Suppose 0 = -3*j + 58 + 44. What is the remainder when j is divided by d?
6
Suppose 0 = -3*y - j + 142 + 39, 5*j = -3*y + 185. Calculate the remainder when 1304 is divided by y.
44
Let p be ((-2)/(-4))/(5/30). Suppose p*c = -j + 6*c + 6, 0 = j - 4*c - 5. What is the remainder when 96 is divided by j?
6
Suppose -11*i - 496 + 639 = 0. What is the remainder when 2362 is divided by i?
9
Let h(r) = -99*r - 4737. What is the remainder when 27 is divided by h(-48)?
12
Let o(a) = 8*a**2 - 4*a - 14. Let x(p) = p**3 + p**2 - 6*p - 3. Let f be x(2). Calculate the remainder when o(f) is divided by 39.
31
Let f = 42 + -37. Suppose 3*b = 0, 2*k - 96 = -2*k - f*b. Let d = -19 + k. Calculate the remainder when 8 is divided by d.
3
Let j(m) = -m**3 + 10*m**2 - 4*m + 5. Let c be 3*(-25)/(-15) + -262. Let x = c - -354. What is the remainder when x is divided by j(9)?
47
Suppose -2*t = 3*w - 13820, 2*w + 174*t - 9220 = 171*t. Calculate the remainder when w is divided by 48.
44
Suppose 439 = 16*r + 695 - 3040. What is the remainder when r is divided by 15?
9
Calculate the remainder when 1279 is divided by (-6)/(-9)*79407/306.
68
Let g be (1 - 3)*(5 + -6). Suppose -g = 4*l - 34. Let m(r) = r**3 + 11*r**2 - 10*r + 36. What is the remainder when m(-12) is divided by l?
4
Suppose -7*v + 6*v - 33*v + 850 = 0. Calculate the remainder when 298 is divided by v.
23
Let c(k) = -2*k**2 - k - 9. Let h be c(-7). Suppose v + f - 110 = 2*f, 3*f = -3*v + 336. Let t = v + h. What is the remainder when 36 is divided by t?
3
Let o(h) = h**2 + 10*h - 35. Let s(m) = 14*m - 57. Let w be s(5). What is the remainder when o(w) is divided by 14?
12
Let f be 13 - (-17)/(51/(-18)). Suppose -3*z - 186 = -f*z + m, z - 38 = -4*m. Calculate the remainder when z is divided by 16.
14
Let l = 63 + -145. Let y = l + 87. Suppose -y*d - 2 = 3*k - 12, d - 14 = -3*k. What is the remainder when 12 is divided by k?
2
Let f = 28 - 0. Let z(l) = -l**2 - 55*l - 559. Calculate the remainder when z(-30) is divided by f.
23
Suppose 5*s - 5*a - 85 = 0, -5*s + 0*a + 78 = 2*a. Suppose -19*n - 5*d = -s*n - 31, 5*n - d - 33 = 0. What is the remainder when n is divided by 1?
0
Suppose -715*t - 2*a - 120 = -716*t, 608 = 5*t - 2*a. What is the remainder when 30986 is divided by t?
120
Suppose -697 + 2657 = 5*w + 5*o, 5*o = -w + 384. Suppose 51 = 3*n + 3*z - 2*z, 3*n - 3*z - 63 = 0. Calculate the remainder when w is divided by n.
16
What is the remainder when ((-1)/5)/(5/(-325)) is divided by -3*12/(-27)*3?
1
Let g(s) = 452*s - 2637. Calculate the remainder when 1592 is divided by g(7).
11
Suppose 4 = 6*l - 2. Let q(r) = -r - 2. Let j be q(l). Let h = j - -12. Calculate the remainder when 51 is divided by h.
6
Let d = -354 - -373. Let z = d + -13. Calculate the remainder when 78 is divided by z.
0
Let t(a) = -a**2 + 25*a - 9. Let l be t(23). Let w = -18 + l. Let c = w - -2. Calculate the 